(24 - 1)) + 0 + 35.
35
Calculate -318 - -330 - (-4 + 3).
13
Calculate -33 - (-1 + 13 - (10 + -14 + -2 - -17)).
-34
What is the value of -88 - (-89 - -68 - 1)?
-66
What is the value of (16 + -6 - -6) + -167 + 130?
-21
Evaluate (3 - 4) + -54 - (-37 - (-24 - 27)).
-69
What is -21 + (139 - 129) + 2 + 8 + 0?
-1
What is the value of -29 + 69 + -27 + -32 - ((2 - -1) + 1)?
-23
Calculate 55 - (29 + -81 + 73).
34
157 + -157 - (-13 - 1) - 6 - 76
-68
What is -14 - (24 - 14 - -5) - (-7 - 0)?
-22
Calculate 7 - (-21 + 65 + 11 + -21).
-27
Calculate -6 + (15 - 1) - (6 + (-2 - -48)).
-44
(-9 - -7) + 15 - (97 + 7 + -30) - -3
-58
What is -11 + -5 + (10 - (12 - -8))?
-26
What is (-23 + 10 - 20) + (-81 - -81)?
-33
What is the value of (36 - -1) + (1 - (-9 + -1)) + 234 + -248?
34
Calculate 5 + -15 + 8 - (7 - -2 - 6).
-5
Calculate 145 + ((-7 - (0 - 19)) + -40 - (-17 + 4)).
130
-7433 + 7403 + 113 + 0
83
What is the value of -1500 + 1525 + (-9 - (0 - 0))?
16
17 + (22 - 21 - -18 - 7)
29
Calculate -116 + 95 + -18 + (-3 - -167).
125
(-7 - 0) + (-102 + 108 - (3 + 2))
-6
What is the value of -66 + 42 - 14 - -50?
12
Evaluate -4 + -1 + 15 - (5 + -10 + -10 + 28).
-3
Evaluate -17 + -3 + (52 - 87) + 44 + (1 - 26).
-36
Evaluate 59 + -4 + -31 + -21.
3
What is the value of 39 - (-12 + 43 - 43)?
51
What is (10 - ((1 - 7) + 15 - -3)) + -49 - -10?
-41
Evaluate 17 + -3 + (-37 + 19 - (-4 - -3)).
-3
1 + -2 - -10 - (46 - 20 - (-88 + 129))
24
6 + 3 - (-184 + 121 - (-9 + -1))
62
What is the value of (35 - (53 - 31)) + 13 - 111?
-85
420 + -396 - (-36 - -47)
13
Calculate 2 + (-47 - (9 - 14)) - (59 - 63).
-36
What is (6 - 18 - 16) + 18 + (-55 - 3)?
-68
(-5 - -15) + 8 - 13 - 3
2
Calculate -24 + 15 + 12 + 0 + -7 - 6 - 29.
-39
Calculate 29 + 66 + (-29 - 56).
10
Evaluate -3 + -120 + 68 + 91.
36
Calculate 12 + 2 - (-109 - -175).
-52
What is the value of 64 + -107 - (-23 - -26 - (2 - (7 - -1)))?
-52
46 + (-37 - (12 + 14))
-17
What is the value of -50 + 38 - (-2 + 20 - 5 - -5)?
-30
Calculate (-54 - -58 - -22) + (-2 - 20).
4
Evaluate -13 - ((-38 + 20 - -47) + 16).
-58
-10 - ((-39 - -20) + 10 - (2 - 9))
-8
Calculate -37 - (31 - (-2 - -55)).
-15
Calculate -4 - ((30 - 20) + (-16 + 4 - -4)).
-6
Evaluate 28 - (3 - 51) - (-80 - -47).
109
Evaluate -62 + 57 + (-4 - (0 + 4)).
-13
-44 - (42 + 29 - 176)
61
Calculate 1433 + -1389 - (31 - -1).
12
Evaluate -33 - (30 + (-49 - -22) + -6).
-30
What is (-69 - -77) + (35 - 10)?
33
Evaluate 19 + -26 + 47 + -37.
3
Evaluate 118 - (189 + -72) - 74.
-73
What is the value of -29 + 1 + -1 - 3 - ((-3 - 40) + 39)?
-28
What is the value of -9 + 2 + -7 - (-16 + 32)?
-30
Evaluate (-7 - -50) + -30 - (35 - 2).
-20
What is -2 + 30 + (958 - 988)?
-2
Evaluate 61 - (100 + -38 - 27).
26
-17 - (-17 + 0) - (2 + -11 + 2)
7
27 - (-8 + 12 - 18) - -33
74
-73 + (-1366 - -1366 - (2 - -1))
-76
What is (-154 - (-70 - 16)) + -6?
-74
Evaluate (39 - 15) + (-318 - -184).
-110
Calculate -400 + 464 + (1 + -9 + 4 - (1 - 11)).
70
What is the value of 20 - (0 + -21 + 29) - 88?
-76
What is the value of -144 + -2 + (-1461 - -1760)?
153
Calculate -2 + 3 - 1 - (83 + -30 + -37).
-16
Evaluate 24 + -22 + -30 - -9.
-19
What is the value of 82 + -93 + 20 + 70?
79
What is the value of -10 + (40 - (-29 + 54 + -8)) + (99 - 0)?
112
What is -4 + (-5 - -17) - (11 + 50 + -5)?
-48
Calculate (-77 - -137) + (-1 + -7 + -10 - -1).
43
What is 35 - -34 - 44 - (72 + 17)?
-64
Evaluate 11 + ((-31 - -57) + -16 - (-1 - 2) - 23).
1
What is 25 - (37 + 58 - (-10 + -4))?
-84
Calculate (16 - 16) + 9 + -2 + -33.
-26
What is 57 + -27 + 51 - 105?
-24
What is 107 + -195 - (-38 + 36 - (2 - 2))?
-86
What is the value of (0 - 0) + -427 + 395 + (2 - 3)?
-33
Evaluate (-2 - -36) + -58 - (4 - 3 - -9).
-34
96 - (4 - (-9 - -14)) - (-168 - -172)
93
What is the value of -61 + 18 + -12 + 9 + 29?
-17
Calculate (-46 - -1) + -3812 + 3926.
69
What is the value of -2 + -7 + (-1 - (-4 - (0 + -10) - 8))?
-8
What is (64 - -14) + (-182 - -147)?
43
What is the value of -3 + -10 - ((-9 - -52 - 19) + -13)?
-24
11 + (13 - (11 + 7)) - (1 + -24)
29
-16 + (93 - 46) - 29
2
-14 - 6 - (190 - 259)
49
-21 + (42 - 55) + (4 - (8 + 1))
-39
What is the value of (-52 - 5) + 161 + -160?
-56
Evaluate -15 - (-10 - 0) - -12 - (51 + 2).
-46
18 - (-17 - (-46 + 4)) - ((-13 - 3) + -2)
11
(-12 - (-16 + 76 + -42)) + -75
-105
Evaluate 55 + -155 + -12 + 1 + 23 - -24.
-64
(7 - (11 + 13 - 11)) + 3 + 20
17
-30 - (21 - 23 - (-2 - 12))
-42
Evaluate -8 - (41 - -15 - 25 - (9 - 1)).
-31
Evaluate -15 - (-35 + 14 - (2 - -13)).
21
What is the value of -4 - -6 - (-50 - -31) - 13?
8
What is the value of (-37 - (-119 + 45)) + -16?
21
What is 6 + (4 - 6 - -1 - 7) + 26?
24
Calculate -146 + (22 + -21 - -79).
-66
108 - 38 - (51 + -63)
82
1 - ((2 - (8 + -5)) + -6 - (58 + -93))
-27
-5 + -32 + 6 + (0 - -2)
-29
-71 - (-26 + 18 + (-7 - 0))
-56
What is 3 - (68 + 3) - (-16 + -6 - -20)?
-66
Evaluate (-3 + 2 - -4) + (21 - -1) + -19 + 21.
27
(37 + 134 - 178) + -2 + -56 + 3
-62
(48 - 62) + 31 - 12
5
What is 0 + 0 - 14 - (-1198 + 1143)?
41
Evaluate 113 + -104 + 60 + -17 + 10.
62
85 - (3 + 6 + (3 - 2) + (19 - 31))
87
Calculate -39 + 86 + -42 + 37 - 141.
-99
Calculate (7 - 4) + -2 - (11 + -17 + 7 - -89).
-89
What is the value of 30 + (-55 - (0 + -49))?
24
-14 - (-8 + 18 + -11) - -18 - (0 - 45)
50
51 + (-7 - -12 - 43)
13
What is the value of (-2 - (1 - ((-44 - -22) + 37))) + (-56 - 1)?
-45
(24 - (53 - 21)) + (-5 - 6) + 1 + 6
-12
Calculate -6 - (-2 + 6 - -2 - (4 - -4 - 6)).
-10
Calculate 0 + -9 + (-15 + (59 - 40) - 31).
-36
1 + 7 + 1 - (38 + (-18 + 27 - -8))
-46
32 - 25 - (-3 + -55) - 9 - 13
43
Evaluate 34 + 16 + (-4 - (4 - 7 - 0 - -7)).
42
What is the value of -7 + (-2 - -1 - (-20 + -27) - 13)?
26
Evaluate (150 - 159) + (-5 + (2 - 58) - -5).
-65
Evaluate (5 - -30) + -20 + 9 + (-7 - (-3 - 52)).
72
Calculate 4 - ((2 - 3) + 4 + (-111 - -138)).
-26
Calculate 14 + (-15 - 1) - (-9 - 44).
51
Calculate 23 - (23 + -15) - (-10 + 16).
9
Calculate -9 + 9 + -9 + -4 + -19 + -5 + -12.
-49
What is -87 + -43 + 114 + 73?
57
-20 - (47 + -22 + -13 + 11)
-43
What is the value of (6 + -52 - -71) + (-5 - -17)?
37
653 + -807 - (9 + (5 - 32))
-136
Evaluate -23 + (-43 - -55) - -89.
78
Calculate (-1 - -2) + (-15 - (25 + -14)) + 31.
6
What is the value of (-71 + -60 - -46) + 10?
-75
10 - (13 + -3 - (-7 + -21 - (6 - 12)))
-22
Evaluate 22 + (-21 + (20 - 6) - -14).
29
Calculate 121 + (175 - 177) + (-10 - (7 + -11)).
113
Calculate 7 - ((-7 - 1) + 25 - (-16 + 96)).
70
-116 - -49 - (-43 - -89) - -3
-110
-70 + -1 - (45 - 38 - (26 + -10))
-62
What is the value of (-21 + -36 - -49) + 13?
5
Evaluate (48 - (10 + -28 + 9)) + 1 + 13.
71
20 - (-95 + 8 - -64 - (-140 - -1))
-96
-94 + (-14 - -21) - (-4 - (-15 - -6))
-92
Evaluate 8 + (-32 + -91 - (-11 + 2 + 1)).
-107
What is the value of 9 - 31 - (46 - 32)?
-36
What is the value of 6 + ((0 - 13) + 4 - (-40 - (1 + -20)))?
18
What is the value of 5 + 11 + (-21 + 21 - 23)?
-7
-31 - (42 + (-15 + 38 - 35))
-61
Calculate (-17 + 68 - 36) + -27 + -1 + -8 + 1.
-20
Calculate 6 + (-13 - ((-4 - 13) + 4)) - 39.
-33
Evaluate -5 + (63 - 58) - (-7 + 6 - 58).
59
11 + (-9 - 7) - (-1 + -1 - 2 - 56)
55
Calculate 84 + (-4 - (16 - -34)).
30
What is the value of (11 - 7 - 9) + 3 + -20 + -4 + 9?
-17
What is (29 - (45 + -41)) + 8 + -1?
32
Evaluate -6 - -5 - (-108 + 15 - -22).
70
Evaluate -65 - (74 + 39) - -79.
-99
What is 1 - (-2 + -11 - (0 + 9 - 1))?
22
Evaluate -128 - (-1 + 26 - 8).
-145
What is the value of 609 + -623 - (-24 - 3)?
13
-43 + (-1 - (-3 + -1)) - (2148 + -2164)
-24
(-83 - -169 - 81) + (-79 - -1) + 3
-70
What is 48 + -4 + -4 + (-4 - (-6 - 0))?
42
Calculate 468 + -427 - (41 - 1).
1
0 - -100 - ((-12 - -18) + 30 + -29)
93
What is -625 - -688 - (17 + -1) - -23?
70
Calculate -395 + 187 - -228 - (0 + 3 + 1).
16
What is (-14 + -25 + -2 + 19 - -14) + (1 - 75)?
-82
What is the value of 11 - (-41 + 0 + 14 + (7 - 8))?
39
What is the value of 3 + (5 + -9 - -11) + (-3 - -8) + 12?
27
(0 - -9) + (5496 - 5480)
25
Calculate 12 + -4 + (51 - 19 - 1).
39
Evaluate -6 + -9 + (-5 - -23) - (8 + 4).
-9
-26 - -2 - ((-73 - -21) + 29 - -16)
-17
What is -18 + (1 - (-12 + -5) - (39 - 52))?
13
4 + -24 + (-4 - (-10 + -8))
-6
What is the value of (-94 - (-99 + 3)) + 28 + (2 - (-1 - -4))?
29
Calculate -28 + (12 - 23) + 12.
-27
What is the value of (-121 + 379